) in base 16?
-9c724
Convert 211843 (base 9) to base 12.
60b63
Convert -21d902 (base 14) to base 15.
-17b2bc
What is -22201001001012 (base 3) in base 5?
-2141020031
6237301 (base 10) to base 7
104005360
Convert -7aa0a0 (base 13) to base 10.
-2906761
2b3b7 (base 14) to base 13
3a088
-2626536 (base 7) to base 16
-53ce8
-32312210 (base 4) to base 10
-60836
Convert 300d2 (base 14) to base 15.
24307
30073741 (base 8) to base 12
214a795
Convert -19029a (base 11) to base 3.
-112220011012
-1341104 (base 6) to base 9
-124414
What is 1101110010111001011 (base 2) in base 8?
1562713
-905674 (base 11) to base 2
-101100011101100011001
What is -595b167 (base 12) in base 6?
-1414345011
What is -78a1a (base 14) in base 13?
-a33aa
Convert 5252041 (base 10) to base 16.
5023c9
Convert 531620 (base 8) to base 12.
86554
11111011110010111110110 (base 2) to base 9
16465053
Convert -1420345 (base 6) to base 12.
-3a6b5
Convert -1000010010101100101010 (base 2) to base 7.
-24322300
What is 7692a (base 11) in base 6?
2220350
1101323100 (base 4) to base 16
51ed0
2441442 (base 6) to base 7
1050653
Convert -20012200200 (base 3) to base 8.
-356607
Convert -1110101000110110 (base 2) to base 6.
-1141330
What is -e32643 (base 15) in base 9?
-22266770
Convert -16251442 (base 7) to base 15.
-211cba
Convert -34322214 (base 5) to base 9.
-518210
Convert 15182 (base 12) to base 11.
20286
Convert -100010111001011110101 (base 2) to base 11.
-711183
36c53 (base 13) to base 12
4a515
Convert -35769 (base 10) to base 6.
-433333
3125015 (base 6) to base 4
210332003
Convert 2532377 (base 10) to base 4.
21222100121
What is -e9f1 (base 16) in base 3?
-10001011010
-117c56 (base 16) to base 4
-10113301112
12334252 (base 7) to base 13
301b2b
-1644854 (base 10) to base 9
-3076275
Convert 2005515 (base 7) to base 10.
237270
What is -46570542 (base 8) in base 14?
-14c47bc
What is 200232400 (base 6) in base 15?
46b3d3
What is 16784 (base 16) in base 15?
1c40b
Convert -a68581 (base 12) to base 7.
-31221664
52904 (base 14) to base 15
3e0e1
2403 (base 14) to base 9
8542
What is 77978 (base 16) in base 2?
1110111100101111000
21102222110111 (base 3) to base 4
33011302303
What is 214123 (base 5) in base 15?
22e3
What is 1b0681 (base 12) in base 15?
968e4
What is -5007160 (base 9) in base 5?
-1140144233
What is 315210314 (base 6) in base 5?
2411202110
What is -2434354 (base 6) in base 3?
-20120101021
Convert -6d6b6 (base 15) to base 14.
-91350
Convert -1000101101011110010 (base 2) to base 16.
-45af2
What is -7be07 (base 15) in base 7?
-3232414
Convert 5590362 (base 10) to base 5.
2412342422
Convert 21278 (base 11) to base 5.
1442230
5864 (base 12) to base 6
113404
100220334 (base 5) to base 10
398219
-100200300202 (base 4) to base 9
-8126504
What is -1043114 (base 8) in base 12?
-116150
What is 1038375 (base 13) in base 11?
2868539
-11101021012222 (base 3) to base 6
-121521042
Convert 1001122020011 (base 3) to base 12.
232257
144696a (base 11) to base 8
11362430
Convert -15741 (base 10) to base 14.
-5a45
What is -43c05 (base 15) in base 7?
-1554533
163324 (base 13) to base 15
acd77
-431421021 (base 6) to base 5
-3423420403
5000320 (base 6) to base 8
707670
What is 1bcbd23 (base 14) in base 11?
7960931
Convert 3721091 (base 12) to base 3.
202012210202001
b34e49 (base 16) to base 12
3b28409
What is -10011001011100001100 (base 2) in base 5?
-130102432
What is -1c0c44 (base 14) in base 3?
-1212212102112
What is 168486 (base 12) in base 11?
245360
2030013032 (base 4) to base 16
8c1ce
Convert 23ddfd (base 16) to base 8.
10756775
-623390 (base 13) to base 6
-121043315
What is -121202201020020 (base 3) in base 12?
-2b98813
What is 581307 (base 10) in base 9?
1075356
Convert -14754204 (base 8) to base 4.
-30331202010
Convert 110111010101100000100 (base 2) to base 11.
1029361
Convert 52a04 (base 12) to base 9.
174844
-1011011011111111111000 (base 2) to base 10
-2998264
101300013 (base 4) to base 5
4311321
What is 32325e (base 15) in base 5?
1102440124
Convert 108379 (base 10) to base 9.
174601
What is -144caa (base 16) in base 11?
-829566
Convert 6325444 (base 9) to base 16.
339e8c
215022 (base 11) to base 2
1010011110101111110
2122111110 (base 3) to base 6
1041150
What is -10698aa (base 13) in base 10?
-5019440
What is -6aaad6 (base 14) in base 7?
-42642156
What is -10851378 (base 9) in base 13?
-1132613
What is -6729 (base 10) in base 11?
-5068
-122020011111121 (base 3) to base 16
-8bb526
Convert 4d0e (base 16) to base 5.
1112401
What is -d612ca (base 14) in base 13?
-165ca75
What is 1885c0b (base 14) in base 2?
101110010111101010010011
What is 554114 (base 7) in base 15?
1dd32
Convert 4418418 (base 9) to base 2.
1001000011110000100110
Convert 174153 (base 11) to base 3.
111200001111
Convert 1c252b (base 15) to base 5.
322443131
Convert -232218 (base 9) to base 13.
-4b5c6
What is 2a3266 (base 12) in base 15?
e0819
Convert 16070406 (base 9) to base 10.
8017872
What is -1aa791 (base 15) in base 16?
-13da5e
Convert 172380 (base 13) to base 6.
20203413
Convert 12302212222 (base 4) to base 8.
6624652
Convert 200001113301 (base 4) to base 5.
4122103400
Convert -37415377 (base 8) to base 6.
-453045155
What is -319050a (base 11) in base 14?
-a5dabc
11171 (base 10) to base 6
123415
11435013 (base 6) to base 15
726d3
Convert 200001221 (base 3) to base 8.
31566
What is 4586403 (base 10) in base 3?
22122000100210
Convert -1760a (base 11) to base 5.
-1242234
What is -1300020001 (base 4) in base 8?
-1601001
Convert bdd4c1 (base 14) to base 7.
105561531
Convert -10000001010011000001 (base 2) to base 7.
-4334012
Convert -1115403 (base 6) to base 5.
-3310310
Convert -40365 (base 8) to base 9.
-24726
What is 2332031021 (base 4) in base 15?
105c8b
What is -151086 (base 11) in base 9?
-388257
Convert 16038755 (base 9) to base 7.
124660022
Convert 11111000100101110 (base 2) to base 4.
133010232
-1000001100101110001 (base 2) to base 12
-10b581
What is -12b4460 (base 13) in base 16?
-59ebf4
1482718 (base 14) to base 3
200210210121202
Convert 15465056 (base 7) to base 4.
11231002022
110110012 (base 3) to base 15
2a52
6ead03 (base 15) to base 14
9c0154
-243285 (base 10) to base 4
-323121111
33302003 (base 4) to base 8
176203
What is 309083 (base 11) in base 3?
221011022121
11021021202 (base 3) to base 12
40778
Convert -49533b (base 14) to base 7.
-30226604
What is 24213212 (base 7) in base 5?
1022423313
What is 101000011100111111 (base 2) in base 13?
5a55a
12333532 (base 6) to base 7
3261002
-672937 (base 13) to base 14
-474c7c
-12024407 (base 8) to base 10
-2631943
What is 456a438 (base 11) in base 8?
36373534
1013232001 (base 4) to base 2
1000111101110000001
Convert -1b8bb (base 15) to base 16.
-15e7e
1318368 (base 9) to base 13
1c33c7
Convert -1122110100002 (base 3) to base 6.
-30431045
292483 (base 10) to base 9
485181
Convert -122b0 (base 14) to base 3.
-2020222022
What is 706783 (base 12) in base 14?
338d59
4026ee (base 15) to base 5
1234431244
Convert -24302411 (base 5) to base 14.
-5d3a1
276513a (base 11) to base 5
2204441034
Convert 1001001000111011000000 (base 2) to base 15.
324d2a
Convert -a491c4 (base 15) to base 2.
-11101110110111001011010
1124140102 (base 5) to base 16
272fd8
Convert -542ac (base 15) to base 6.
-5421113
Convert da98 (base 14) to base 2.
1001001110000110
Convert -1323026 (base 8) to base 3.
-200210211001
Convert -1110010011001110 (base 2) to base 14.
-174bc
What is 124756 (base 14) in base 2?
10011001000110001000
-88875 (base 10) to base 5
-10321000
111000010001010 (base 2) to base 12
1480a
Convert -c4a9 (base 16) to base 15.
-edb5
What is -100000101110001100110100 (base 2) in base 3?
-121010210120221
Convert -679591 (base 12) to base 2.
-110010011111011111101
-1343211010 (base 5) to base 11
-1a75142
-125283 (base 11) to base 4
-300023021
-10034344 (base 5) to base 2
-10011101011010111
Convert -7b2a21 (base 15) to base 4.
-112123322323
Convert 1010110112212 (base 3) to base 14.
118755
66595 (base 12) to base 9
226025
What is 369325 (base 11) in base 2?
10001110011011001000
Convert -101001011101 (base 2) to base 12.
-1651
What is -1137 (base 8) in base 3?
-211111
Convert 601a (base 16) to base 9.
36665
-21353021 (base 8) to base 2
-10001011101011000010001
Convert -34385 (base 14) to base 3.
-20110010002
Co